-2*c + k = -0*k - 15, -24 = -2*c + 4*k. What is the remainder when h is divided by c?
4
Suppose 5*h - 562 = -4*n, -h + 132 - 19 = n. Calculate the remainder when h is divided by 28.
26
Suppose 2*b - 6 = -0*b. Suppose -h - 120 = b*h. What is the remainder when 11 is divided by 2/(-7) + h/(-7)?
3
Let z be (-2)/(-1) + (-2)/(-2). Suppose -2*t - z*r = 2*r - 7, 0 = 3*r - 3. Calculate the remainder when t is divided by 1.
0
Let c be ((-1)/(-2))/((-7)/(-84)). Suppose -c*a + 26 = -4*a. What is the remainder when a is divided by 4?
1
Suppose 2*s - z - 1 = -2*s, 0 = -4*z + 12. Let v be 1 + (1 - s) + 0. Let t = v + 10. What is the remainder when t is divided by 6?
5
Let h(r) be the third derivative of -r**5/60 + 11*r**4/24 - 4*r**3/3 + r**2. What is the remainder when 4 is divided by h(10)?
0
Suppose 4*y - 11*y = -133. Calculate the remainder when 54 is divided by y.
16
Suppose 51 - 29 = p. What is the remainder when 131 is divided by p?
21
Suppose -4*y - 5*o = -267, 4 = -o - 3*o. Suppose -4*s + y + 36 = 0. What is the remainder when s is divided by 14?
12
Let d(o) = -6*o - 35. Calculate the remainder when d(-16) is divided by 16.
13
Let j(s) = 9*s - 18. Let z(m) = -5*m + 9. Let r(a) = -3*j(a) - 5*z(a). Let o be r(6). Let b = 11 + o. What is the remainder when 23 is divided by b?
7
Let i = 1 + 25. Suppose t - i = 6. Suppose 4*a - 2*a = t. What is the remainder when a is divided by 9?
7
Let h(d) = 4*d**2 - 6*d - 8. Let m(o) = 3*o**2 - 6*o - 8. Let q(t) = 4*h(t) - 5*m(t). What is the remainder when 28 is divided by q(-7)?
13
Let k be 3/3 - 3 - -3. Calculate the remainder when 7 is divided by 0 - k - (-3 - 0).
1
Let h = 13 - 8. Suppose h*u - 38 = 7. Let m = u - 4. What is the remainder when 13 is divided by m?
3
What is the remainder when (-2 - -3)/(4/52) is divided by 11?
2
Let n be 5*(-5)/(50/(-16)). Let a = 11 + n. Calculate the remainder when a is divided by 10.
9
Suppose -5*f = -0*f - 25, 2*f + 3 = l. What is the remainder when 25 is divided by l + (-1)/(-1 + 0)?
11
Let w be (-1)/(2/(-6)) - -2. Suppose -3*n - w*r + 80 = 0, 2*r + 6 - 114 = -5*n. Calculate the remainder when 57 is divided by n.
17
Calculate the remainder when 71 is divided by (19/2)/(-6*6/(-72)).
14
Suppose 0 = -q + 3*q - 12. Suppose -5*v - 3*l + 72 = 0, 0 = -q*v + 2*v - 3*l + 60. What is the remainder when 32 is divided by v?
8
Suppose -j + 6 = j + v, 2*j + 2 = 3*v. Suppose c - 3 + j = 0. Calculate the remainder when 3 is divided by c.
0
What is the remainder when 50 is divided by (2 - 29)*2/(-1 - 1)?
23
Suppose -6*l + 2*l + 2 = -2*s, -4*s + 4 = 0. Let k be l/3 + (-51)/(-9). Suppose 2*f - 2 = k. Calculate the remainder when 6 is divided by f.
2
Calculate the remainder when 82 is divided by (42/(-8))/(8 + 330/(-40)).
19
Suppose -3*f + p + 6 = -0*p, 5*f - 3*p = 6. Let d(l) = -l**3 - 3*l**2 + l - 5. What is the remainder when d(-5) is divided by (63/(-6))/(f/(-6))?
19
Let u = 354 + -304. Let o be (1 - 2)*1*13. Let f = o + 30. Calculate the remainder when u is divided by f.
16
Let b(r) = -r - 7. Let z be b(-4). Let x = 3 - z. Calculate the remainder when (-8)/20 + (-57)/(-5) is divided by x.
5
Suppose 6 = 2*j - 0*j. Suppose -4*f = -3*d - j, d = -f + 4*f - 6. What is the remainder when 6/4*20/f is divided by 6?
4
Calculate the remainder when 37 is divided by (-14)/49 + 279/21.
11
Let g(k) = 0*k**3 - 1 + 0*k**2 + k**2 - 7*k**3. Let i = -3 - -2. Calculate the remainder when g(i) is divided by 3.
1
Suppose 30 = 2*z - 0*z. Let x(g) = 7*g**2 + 7*g + 1. Let o(w) = -3*w**2 - 4*w - 1. Let p(y) = 9*o(y) + 4*x(y). What is the remainder when p(12) is divided by z?
13
Let k = 18 - 9. Let c(s) = -s + 8. What is the remainder when c(-8) is divided by k?
7
Let n(z) = 3*z - 2. Suppose -2*j = -6*j + 24. Suppose -3*h = -j*h + 39. What is the remainder when h is divided by n(3)?
6
Let r = 3 + 0. Let w be -2 - 1*(-21)/r. Suppose -2*v - w*n + 49 = 21, -2*v - 3*n + 20 = 0. Calculate the remainder when v is divided by 2.
0
Calculate the remainder when 57 is divided by (-6)/14 + (-435)/(-35).
9
Let o(h) = -h + 1. Let c be o(-4). Let g(v) be the third derivative of v**5/60 - v**4/8 + v**3/2 + v**2. Calculate the remainder when g(c) is divided by 7.
6
Suppose 0 = 5*u - 2*u + 3. Calculate the remainder when (-2)/(66/70 + u) is divided by 19.
16
Suppose o - 54 = -2*o. Calculate the remainder when 35 is divided by o.
17
Calculate the remainder when 1/(-2) - (-425)/10 is divided by 23.
19
Let c(w) = -w**2 - 16*w + 3. What is the remainder when c(-14) is divided by 16?
15
Let g = 60 - 55. Calculate the remainder when 9 is divided by g.
4
What is the remainder when (-1)/2 - (-249)/12*10 is divided by 42?
39
Suppose -s = d - 25, 22 + 96 = 4*s - 5*d. What is the remainder when 99 is divided by s?
18
Let p(a) = a**2 + 8*a - 10. Let z be p(-10). Suppose -3*d + 5*j + 25 = 0, -5*j = -z*j + 5. Suppose s - d = -s. What is the remainder when s is divided by 3?
2
Let y be (-2 - -45) + (-2 - 1). Suppose -3*c - 2*c = -y. Calculate the remainder when 22 is divided by c.
6
Suppose -4*m = m - 20. Suppose 4*k - 2*l - 21 = k, -m*k - 2*l = -28. What is the remainder when k is divided by 5?
2
Let j(w) = -2*w - 7. Let d be (-8)/(-10)*(-20)/(-8). Let l be (0 - (-9)/(-2))*d. What is the remainder when j(l) is divided by 4?
3
Let n = 2 - 0. Suppose -n*y + 26 = -0*y. Calculate the remainder when 37 is divided by y.
11
Let r = -32 + 51. Calculate the remainder when r is divided by 5.
4
Let p(y) = -4*y - 9. Calculate the remainder when p(-11) is divided by 12.
11
Suppose -2*s - j - 11 = -7*s, 5*s - 31 = -4*j. Let a(z) = 7*z**2 + z. Calculate the remainder when a(1) is divided by s.
2
Let y(g) = g**2 + g - 3. Let m(c) = -4*c**3 + 1. Let s be m(1). What is the remainder when (-52)/s - (-5)/(-15) is divided by y(3)?
8
What is the remainder when (-26)/(-3) - (-4)/12 is divided by 0 - (-3)/((-6)/(-10))?
4
Let l(x) = x**3 + 6*x**2 + 4*x - 1. Let w(j) = 2*j - 2*j - 6*j - 5 - j**2. Let p be w(-6). What is the remainder when 11 is divided by l(p)?
3
Calculate the remainder when (1 - -3) + 1/(3/543) is divided by 11.
9
Let g = -3 - -5. Suppose g*v - 1 - 5 = 4*h, -5*v + 48 = h. Calculate the remainder when 24 is divided by v.
6
What is the remainder when 10 - ((-1)/(-3)*3 - 2) is divided by 42/(-2)*1/(-3)?
4
Suppose 2*i = -i + 27. Suppose i = -3*r, o + 2*r = -3*r - 5. What is the remainder when 28 is divided by o?
8
Let w(s) = s**2 - 2*s - 6. What is the remainder when 34 is divided by w(-4)?
16
Suppose -9*f + 24 = -7*f. Calculate the remainder when 33 is divided by f.
9
Let i(d) = -2*d**2. Let h be i(2). Let q(b) = -b**3 - 7*b**2 + 6*b - 1. Calculate the remainder when 2/h + 916/16 is divided by q(-8).
12
Let d = 9 - 21. Let a = d + 14. Calculate the remainder when 8 is divided by a.
0
Suppose 2*f + 2*d + 2*d = 16, -f + d = 1. Suppose -f*i + 4*i = 4*c - 30, -5 = -2*c + 3*i. Calculate the remainder when (2 - -10)/(2/3) is divided by c.
8
Let x = 7 + 15. Let b(c) = -c**2 - 8*c + 8. Let l be b(-7). Suppose 0 = -3*t + 21 + l. Calculate the remainder when x is divided by t.
10
Suppose i + 4*v + 15 = 0, -4*i + 9*i = 2*v + 13. What is the remainder when (-7 + 17)*2*i is divided by 11?
9
Let l = 7 + -4. Suppose 4*y + 0*t - 29 = l*t, -4*y = -2*t - 34. What is the remainder when 43 is divided by y?
10
Suppose -8 = -5*w + 4*w. Suppose 4*y = 5 + 3. What is the remainder when w is divided by (-2)/y - -1*6?
3
Calculate the remainder when 53 is divided by 19 + -2*2/4.
17
Let c = 83 + -58. Calculate the remainder when 124 is divided by c.
24
Let n(y) = -y**2 - 5*y + 6. Let j = 19 - -3. Suppose t = -2*w + 4*t + 22, -j = -2*w + t. What is the remainder when w is divided by n(-5)?
5
Calculate the remainder when 19 is divided by 1/(2 + 13/(-7)).
5
Let y(w) = w**3 + 6*w**2 + 3*w - 7. Suppose 13*h - 26 = 26. What is the remainder when h is divided by y(-5)?
1
Let w be 50/(-6) - (-3)/9. Let p = 23 + w. Calculate the remainder when 32 is divided by 171/p - (-2)/(-5).
10
Let v = -19 + 33. Suppose -3*k + v = -2*d - 2*d, 0 = -3*k - 4*d - 2. What is the remainder when k is divided by 2?
0
Let m = 41 - 22. What is the remainder when 30 is divided by m?
11
Suppose s = -0*s + 11. Let k(b) = -b + 16. Let z be k(10). Let t = z + -2. What is the remainder when s is divided by t?
3
Let w 